False
Is 12292282 a composite number?
True
Is 14442509 composite?
False
Is 8710057 a prime number?
True
Is 2545717 prime?
False
Is 86692783 composite?
True
Is 11699669 a composite number?
False
Is 2912879 prime?
False
Is 3147097 a composite number?
False
Is 2448917 prime?
False
Is 333244297 a composite number?
False
Is 52483801 composite?
False
Is 11680457 composite?
False
Is 655834 prime?
False
Is 49098677 a prime number?
False
Is 73765915 a prime number?
False
Is 26082359 a prime number?
True
Is 1228262779 a composite number?
False
Is 41193541 prime?
True
Is 778721 a prime number?
False
Is 9940907 prime?
True
Is 51553 prime?
False
Is 21241849 prime?
True
Is 17578621 a composite number?
True
Is 23397091 a prime number?
True
Is 33968569 a prime number?
True
Is 274579 a composite number?
False
Is 52265261 prime?
False
Is 2804707 composite?
True
Is 931067 composite?
False
Is 5822287 a prime number?
False
Is 4987967 a prime number?
True
Is 22048007 prime?
False
Is 51920257 a prime number?
False
Is 1208579 a prime number?
False
Is 9654783 composite?
True
Is 74380121 a prime number?
False
Is 1614149 a prime number?
True
Is 3522583 composite?
False
Is 80707433 composite?
False
Is 2500919 composite?
False
Is 5387 a prime number?
True
Is 42389621 prime?
False
Is 8345677 prime?
False
Is 23476009 a composite number?
False
Is 5057099 a composite number?
False
Is 5393041 a prime number?
True
Is 1286209 prime?
True
Is 5700455 a composite number?
True
Is 1694717 prime?
True
Is 240551 prime?
True
Is 3707371 a prime number?
False
Is 187509013 a prime number?
True
Is 12852471 a prime number?
False
Is 179907359 composite?
True
Is 10720511 a prime number?
True
Is 1963393 prime?
False
Is 2245058 a composite number?
True
Is 209979359 a prime number?
False
Is 231703078 composite?
True
Is 415963699 a composite number?
False
Is 3387767 a composite number?
True
Is 1644500137 a composite number?
True
Is 25948027 composite?
True
Is 46876043 prime?
True
Is 502883 prime?
True
Is 566387 prime?
True
Is 11668607 a composite number?
True
Is 17634047 a composite number?
False
Is 13929659 composite?
False
Is 471521 a composite number?
False
Is 32100209 a composite number?
False
Is 6910679 a composite number?
False
Is 185051 composite?
False
Is 10101397 composite?
False
Is 7384537 prime?
False
Is 111004381 a prime number?
False
Is 2475751 a composite number?
False
Is 66204773 composite?
False
Is 15992671 prime?
True
Is 743881 prime?
True
Is 13531 prime?
False
Is 5534729 prime?
True
Is 13859123 prime?
False
Is 14606309 a prime number?
True
Is 53141818 a composite number?
True
Is 125887213 a composite number?
True
Is 2709491 a prime number?
True
Is 78759767 a prime number?
True
Is 5839499 composite?
True
Is 349242559 a composite number?
True
Is 392039 a prime number?
False
Is 124430303 composite?
False
Is 2151295 composite?
True
Is 114645313 a composite number?
True
Is 20173589 prime?
False
Is 26863457 prime?
True
Is 10413251 prime?
True
Is 342359 a composite number?
False
Is 465845 composite?
True
Is 154815449 a prime number?
True
Is 4347039 a prime number?
False
Is 235312199 a prime number?
True
Is 24088363 a composite number?
True
Is 212942929 a prime number?
True
Is 164478905 prime?
False
Is 75746677 composite?
False
Is 128448553 a prime number?
True
Is 386748877 a composite number?
True
Is 42252373 prime?
False
Is 2617967 composite?
True
Is 13494337 a composite number?
False
Is 4393387 a composite number?
False
Is 42453349 a prime number?
True
Is 198598589 a composite number?
True
Is 159156813 a composite number?
True
Is 1524469 composite?
False
Is 52558333 prime?
False
Is 544909 composite?
True
Is 476809 a prime number?
False
Is 33185629 a prime number?
True
Is 9335 a prime number?
False
Is 31628893 prime?
False
Is 111935491 a composite number?
False
Is 3802471 a composite number?
False
Is 321711499 prime?
False
Is 112268057 a composite number?
True
Is 272760517 prime?
True
Is 3827909 a prime number?
False
Is 115935109 a prime number?
False
Is 38774377 prime?
False
Is 52421947 a composite number?
True
Is 408031478 a composite number?
True
Is 9653587 a prime number?
True
Is 2476879 a composite number?
True
Is 7026443 composite?
False
Is 779937721 prime?
True
Is 2223359 composite?
True
Is 5699963 a composite number?
False
Is 67537487 a prime number?
False
Is 5357197 a prime number?
True
Is 22351459 composite?
True
Is 114067306 a composite number?
True
Is 71467021 a composite number?
False
Is 59126063 a prime number?
False
Is 9686113 composite?
False
Is 26256149 a prime number?
True
Is 1540405 a composite number?
True
Is 57250127 prime?
False
Is 1696157 a prime number?
True
Is 3134093 composite?
False
Is 11559127 composite?
False
Is 5014873 a prime number?
True
Is 524039 prime?
False
Is 20807977 composite?
False
Is 2154667 composite?
False
Is 1042823 composite?
True
Is 42151337 composite?
False
Is 52631261 a prime number?
True
Is 10909289 a composite number?
False
Is 1431527 a composite number?
True
Is 73583297 a prime number?
True
Is 17425673 a composite number?
True
Is 868613 a prime number?
True
Is 1591841 a composite number?
False
Is 189583 composite?
False
Is 40861831 prime?
True
Is 57544061 a composite number?
True
Is 174293461 a composite number?
False
Is 33746881 prime?
False
Is 470431097 composite?
True
Is 237547 prime?
True
Is 1032847967 a composite number?
False
Is 31305611 prime?
True
Is 47584369 a composite number?
True
Is 25671709 composite?
True
Is 6268849 a composite number?
False
Is 2106043 a composite number?
True
Is 1887493 prime?
False
Is 23363113 composite?
False
Is 23622103 prime?
True
Is 268442471 a prime number?
False
Is 1163221 a prime number?
True
Is 10612643 a composite number?
False
Is 18307031 a composite number?
True
Is 1571611 a composite number?
False
Is 3214481 a prime number?
True
Is 21736339 prime?
True
Is 301480909 prime?
False
Is 740233 a prime number?
False
Is 1491181 composite?
True
Is 61493111 prime?
True
Is 128621 a composite number?
False
Is 53657 a composite number?
False
Is 130410191 a prime number?
True
Is 16976593 prime?
False
Is 2791609 composite?
True
Is 104560397 composite?
True
Is 351605 a prime number?
False
Is 52443889 a composite number?
True
Is 393142313 a prime number?
False
Is 50340382 prime?
False
Is 36909071 composite?
False
Is 59294393 composite?
False
Is 19051003 composite?
True
Is 3638911 a prime number?
False
Is 20977921 prime?
False
Is 20628047 composite?
True
Is 279749389 a prime number?
True
Is 677582273 a composite number?
True
Is 59705111 composite?
False
Is 8921249 prime?
True
Is 22150001 composite?
False
Is 44316661 composite?
True
Is 2565179 a prime number?
False
Is 436687 prime?
True
Is 5856757 prime?
False
Is 994349 a composite number?
True
Is 121133839 a composite number?
False
Is 120437567 a prime number?
False
Is 470837 composite?
False
Is 55729861 a composite number?
True
Is 13552163 a composite number?
False
Is 176249827 a composite number?
True
Is 3369617 a prime number?
True
Is 24193051 prime?
False
Is 843612591 a prime number?
False
Is 8595233 prime?
False
Is 274255049 prime?
True
Is 23627635 a composite number?
True
Is 33811313 prime?
False
Is 155129059 prime?
True
Is 302501461 a prime number?
False
Is 142311661 a prime number?
True
Is 102223273 a prime number?
False
Is 26907113 composite?
False
Is 3835831 a prime number?
True
Is 11494187 composite?
False
Is 47684933 composite?
False
Is 5825927 composite?
True
Is 28084534 prime?
False
Is 81277057 composite?
True
Is 4533809 composite?
True
Is 7140545 a composite number?
True
Is 2450603 prime?
False
Is 15519923 prime?
True
Is 414131 composite?
False
Is 2764807 prime?
False
Is 2188309 composite?
False
Is 1942295 a prime number?
False
Is 110089081 prime?
True
Is 880255 composite?
True
Is 616433 prime?
True
Is 34054831 prime?
True
Is 20494681 a composite number?
True
Is 743263303 a composite number?
False
Is 1224109037 a composite number?
False
Is 515685211 a composite number?
False
Is 846577 a composite number?
False
Is 62306534 prime?
False
Is 1683359 prime?
True
Is 254418523 composite?
True
Is 17188723 prime?
True
Is 129995911 prime?
False
Is 1035169 prime?
False
Is 11547439 a prime number?
True
Is 236539789 a composite number?
True
Is 104601377